63 (base 12) to base 13.
-300
What is -320310 (base 4) in base 8?
-7064
Convert 11000101110000 (base 2) to base 14.
4880
-5346 (base 7) to base 10
-1896
-211 (base 15) to base 10
-466
What is -30115 (base 7) in base 2?
-1110001100000
Convert -211221 (base 3) to base 13.
-388
557 (base 14) to base 11
881
1606 (base 15) to base 4
1021323
What is 30001 (base 4) in base 5?
11034
Convert 2cf2 (base 16) to base 13.
5311
What is 10a (base 15) in base 9?
281
Convert ac22 (base 16) to base 6.
540002
What is 117f (base 16) in base 11?
3402
What is -352 (base 8) in base 3?
-22200
-418 (base 10) to base 9
-514
Convert -101112101 (base 3) to base 8.
-16776
-3121234 (base 5) to base 14
-14a68
Convert 3809 (base 12) to base 2.
1100011001001
4564 (base 7) to base 13
9ac
What is 211 (base 3) in base 8?
26
Convert -1b86a (base 12) to base 4.
-22000102
Convert 4465 (base 9) to base 10.
3299
Convert 6207 (base 16) to base 6.
312103
Convert -257a (base 11) to base 6.
-23310
Convert 5aa7 (base 14) to base 11.
10989
Convert -570 (base 8) to base 15.
-1a1
Convert -369 (base 12) to base 3.
-201000
What is 24551 (base 10) in base 8?
57747
What is 441 (base 5) in base 9?
144
What is 317 (base 15) in base 13?
418
43431 (base 6) to base 11
4560
What is -32000 (base 4) in base 7?
-2420
Convert -114230 (base 6) to base 4.
-2130222
What is -b18 (base 16) in base 10?
-2840
What is 74a (base 12) in base 8?
2052
Convert -32373 (base 12) to base 14.
-1a195
-202 (base 12) to base 9
-352
-283 (base 13) to base 6
-2021
What is a65c (base 13) in base 15?
6c76
Convert -4522 (base 7) to base 12.
-b41
Convert -100011 (base 4) to base 14.
-537
What is 115103 (base 9) in base 10?
69339
Convert -11103 (base 5) to base 8.
-1412
What is 1203 (base 7) in base 13?
282
Convert -48c (base 16) to base 12.
-810
What is 111174 (base 8) in base 14?
d948
2bea (base 16) to base 11
84a0
-11110100 (base 2) to base 4
-3310
-112322 (base 8) to base 7
-216034
What is 63816 (base 9) in base 16?
a4e8
3262 (base 13) to base 8
15541
What is 11535 (base 6) in base 7?
5000
Convert -111122 (base 3) to base 14.
-1c4
Convert 974f (base 16) to base 14.
1018b
-111101100001 (base 2) to base 7
-14323
-a99a (base 11) to base 12
-8490
-43767 (base 9) to base 11
-1a918
223 (base 4) to base 16
2b
-10330 (base 6) to base 8
-2616
Convert -101001100001 (base 2) to base 12.
-1655
What is 567 (base 14) in base 2?
10000101111
Convert -111100111101 (base 2) to base 9.
-5314
What is 15911 (base 14) in base 3?
2201221212
Convert 4022 (base 6) to base 14.
46a
What is 100010001111 (base 2) in base 7?
6250
Convert 318 (base 16) to base 2.
1100011000
What is 196 (base 14) in base 3?
110011
Convert -1286 (base 9) to base 15.
-449
341 (base 9) to base 2
100011000
331031 (base 4) to base 10
3917
What is -16006 (base 7) in base 2?
-1000101110001
What is 25e9 (base 16) in base 6?
112533
What is -2104 (base 16) in base 8?
-20404
111021 (base 4) to base 8
2511
-370 (base 10) to base 3
-111201
-6797 (base 15) to base 13
-9cca
Convert 645a (base 16) to base 14.
9510
What is -21537 (base 9) in base 13?
-6673
What is -72ab (base 12) in base 15?
-3a95
Convert -101000 (base 2) to base 10.
-40
Convert -24 (base 16) to base 11.
-33
40c (base 14) to base 6
3404
What is 1155 (base 9) in base 16?
35c
What is 2540 (base 6) in base 9?
776
What is 4716 (base 8) in base 4?
213032
100112 (base 5) to base 2
110001010101
2384 (base 16) to base 6
110032
What is -3030220 (base 4) in base 12?
-76b4
Convert -30000 (base 4) to base 8.
-1400
Convert 46315 (base 7) to base 3.
121012211
21210 (base 4) to base 10
612
Convert -1481 (base 12) to base 8.
-4541
Convert 11101011 (base 3) to base 10.
3190
5566 (base 8) to base 7
11361
Convert -11100101111111 (base 2) to base 4.
-3211333
100011000101 (base 2) to base 5
32440
Convert -a18 (base 12) to base 16.
-5b4
538 (base 11) to base 3
212221
What is 2a6 (base 13) in base 4?
13122
Convert -10673 (base 9) to base 5.
-211423
What is 16961 (base 11) in base 4?
11303213
What is 20f (base 16) in base 2?
1000001111
What is -155 (base 14) in base 16?
-10f
What is 55ca (base 16) in base 2?
101010111001010
What is 1633 (base 7) in base 3?
220111
27455 (base 9) to base 3
221111212
431 (base 12) to base 2
1001100101
12bda (base 14) to base 13
1808b
Convert 12a64 (base 11) to base 12.
a907
Convert 614 (base 9) to base 14.
279
What is 4395 (base 10) in base 3?
20000210
What is -4303 (base 5) in base 2?
-1001000010
What is -100101011001010 (base 2) in base 14?
-6d98
What is -20112103 (base 4) in base 13?
-12745
What is -1250 (base 6) in base 7?
-633
What is -223122 (base 5) in base 4?
-1323220
-1110001011100 (base 2) to base 3
-100221220
What is -2803 (base 16) in base 6?
-115231
Convert 21020 (base 3) to base 10.
195
101100111 (base 2) to base 13
218
What is 10001000 (base 2) in base 6?
344
-27a (base 15) to base 3
-202221
5235 (base 7) to base 3
2112010
100010101010110 (base 2) to base 15
53d5
What is 1100000100101111 (base 2) in base 6?
1020543
What is 31b (base 12) in base 11?
384
What is 4316 (base 11) in base 15?
1a54
1100100111101101 (base 2) to base 10
51693
212024 (base 5) to base 3
100210102
Convert 53652 (base 8) to base 5.
1204232
What is 1535 (base 8) in base 4?
31131
-211b9 (base 12) to base 2
-1010100111011101
90c (base 16) to base 15
a46
Convert 100030 (base 4) to base 13.
619
24b (base 13) to base 16
191
What is -116344 (base 7) in base 16?
-53c5
Convert -751 (base 9) to base 7.
-1534
650 (base 11) to base 2
1100001101
Convert -20122 (base 3) to base 15.
-be
What is 21023 (base 4) in base 9?
722
2311 (base 4) to base 5
1211
-2204 (base 5) to base 10
-304
Convert 115350 (base 6) to base 11.
7805
What is -3635 (base 8) in base 14?
-9d3
Convert 2a1 (base 12) to base 5.
3114
Convert 11111 (base 4) to base 5.
2331
-1165 (base 9) to base 6
-4005
-21033 (base 4) to base 15
-296
What is -295 (base 13) in base 7?
-1225
27b (base 13) to base 4
12320
2002 (base 8) to base 5
13101
133011 (base 5) to base 8
12405
-1791 (base 10) to base 16
-6ff
40214 (base 5) to base 7
10314
What is -1371 (base 10) in base 16?
-55b
1 (base 3) to base 6
1
-2134002 (base 5) to base 10
-36752
What is -6686 (base 16) in base 5?
-1314441
What is -15470 (base 16) in base 3?
-11102112212
-3403 (base 5) to base 7
-1252
Convert 35b (base 15) to base 16.
2f9
1725 (base 10) to base 16
6bd
What is -100 (base 12) in base 5?
-1034
Convert -14974 (base 11) to base 12.
-10293
-cc1 (base 14) to base 10
-2521
Convert 3012221 (base 4) to base 15.
3b78
Convert -103233 (base 5) to base 3.
-11220011
11 (base 4) to base 16
5
What is 1663 (base 7) in base 4?
22222
Convert -28c2 (base 14) to base 15.
-221b
Convert -4a8b (base 13) to base 10.
-10593
Convert -803 (base 10) to base 9.
-1082
634 (base 14) to base 12
85a
What is -2220 (base 7) in base 10?
-798
What is -2011 (base 7) in base 15?
-314
What is -a18 (base 11) in base 12?
-865
Convert 53 (base 8) to base 4.
223
What is 15706 (base 10) in base 9?
23481
What is -1021021 (base 3) in base 9?
-1237
Convert -1d0b (base 15) to base 2.
-1100010100111
What is -2110b (base 12) in base 2?
-1010100101011011
What is 100111110 (base 2) in base 11?
26a
Convert -17427 (base 11) to base 6.
-305143
3188 (base 9) to base 11
1845
Convert -20110020 (base 3) to base 7.
-16500
Convert -140a (base 12) to base 9.
-3151
21434 (base 5) to base 16
5d6
What is 1424 (base 7) in base 8?
1055
Convert -13056 (base 8) to base 3.
-21210022
1000111011010 (base 2) to base 15
154a
-136b (base 14) to base 10
-3427
What is -32c9 (base 16) in base 13?
-5bc1
-403 (base 9) to base 16
-147
What is -144121 (base 7) in base 15?
-83b7
Convert 1233 (base 10) to base 3.
1200200
What is -24263 (base 7) in base 2?
-1100010101101
Convert 672 (base 13) to base 4.
101103
What is -3313 (base 6) in base 16?
-2fd
Convert 10101100100 (base 2) to base 14.
708
Convert 1133400 (base 5) to base 13.
97b1
What is 322 (base 16) in base 10?
802
-334321 (base 5) to base 16
-2e3c
-682 (base 10) to base 12
-48a
What is 112250 (base 6) in base 15?
2ca6
-311003 (base 4) to base 15
-1015
-4082 (base 15) to base 12
-7a72
What is 5431 (base 10) in base 16?
1537
Convert 14530 (base 7) to base 5.
112124
219 (base 15) to base 4
13122
Convert -50a (base 11) to base 15.
-2b0
Convert -10215